{"id":1474,"date":"2024-11-06T15:32:11","date_gmt":"2024-11-06T14:32:11","guid":{"rendered":"https:\/\/www.juhaszestarsa.hu\/?post_type=product&#038;p=1474"},"modified":"2025-01-22T16:39:50","modified_gmt":"2025-01-22T15:39:50","slug":"palmacserep","status":"publish","type":"product","link":"https:\/\/www.juhaszestarsa.hu\/?product=palmacserep","title":{"rendered":"P\u00e1lmacser\u00e9p"},"content":{"rendered":"<p>Fedezze fel a P\u00e1lmacserepeket, amely saj\u00e1t gy\u00e1rt\u00e1s\u00fa vir\u00e1gcserep\u00fcnk. T\u00f6k\u00e9letes v\u00e1laszt\u00e1s minden kert\u00e9szeti projekt sz\u00e1m\u00e1ra! Az eleg\u00e1ns p\u00e1lma cserepek kiv\u00e1l\u00f3 min\u0151s\u00e9g\u0171 polipropil\u00e9n anyagb\u00f3l k\u00e9sz\u00fclnek, ami ellen\u00e1ll az id\u0151j\u00e1r\u00e1si viszontags\u00e1goknak \u00e9s garant\u00e1lja a hossz\u00fa \u00e9lettartamot. A p\u00e1lmacserepek el\u00e9rhet\u0151ek barna, feh\u00e9r \u00e9s terrakotta sz\u00ednekben, \u00edgy k\u00f6nnyen illeszkednek b\u00e1rmely kert vagy bels\u0151 t\u00e9r st\u00edlus\u00e1hoz.<\/p>\n<ul>\n<li>Saj\u00e1t gy\u00e1rt\u00e1s\u00fa term\u00e9k<\/li>\n<li>Anyag: Polipropil\u00e9n<\/li>\n<\/ul>\n","protected":false},"excerpt":{"rendered":"<p>Fedezze fel a P\u00e1lmacserepeket, amely saj\u00e1t gy\u00e1rt\u00e1s\u00fa vir\u00e1gcserep\u00fcnk. T\u00f6k\u00e9letes v\u00e1laszt\u00e1s minden kert\u00e9szeti projekt sz\u00e1m\u00e1ra! Az eleg\u00e1ns p\u00e1lma cserepek kiv\u00e1l\u00f3 min\u0151s\u00e9g\u0171 polipropil\u00e9n anyagb\u00f3l k\u00e9sz\u00fclnek, ami ellen\u00e1ll az id\u0151j\u00e1r\u00e1si viszontags\u00e1goknak \u00e9s garant\u00e1lja a hossz\u00fa \u00e9lettartamot. A p\u00e1lmacserepek el\u00e9rhet\u0151ek barna, feh\u00e9r \u00e9s terrakotta sz\u00ednekben, \u00edgy k\u00f6nnyen illeszkednek b\u00e1rmely kert vagy bels\u0151 t\u00e9r st\u00edlus\u00e1hoz. Saj\u00e1t gy\u00e1rt\u00e1s\u00fa term\u00e9k Anyag: Polipropil\u00e9n<\/p>\n","protected":false},"featured_media":1481,"comment_status":"closed","ping_status":"closed","template":"","meta":[],"product_cat":[27,25],"product_tag":[],"class_list":{"0":"post-1474","1":"product","2":"type-product","3":"status-publish","4":"has-post-thumbnail","6":"product_cat-termekek","7":"product_cat-viragcserepek","9":"first","10":"instock","11":"shipping-taxable","12":"product-type-variable","13":"has-default-attributes"},"jetpack_sharing_enabled":true,"_links":{"self":[{"href":"https:\/\/www.juhaszestarsa.hu\/index.php?rest_route=\/wp\/v2\/product\/1474","targetHints":{"allow":["GET"]}}],"collection":[{"href":"https:\/\/www.juhaszestarsa.hu\/index.php?rest_route=\/wp\/v2\/product"}],"about":[{"href":"https:\/\/www.juhaszestarsa.hu\/index.php?rest_route=\/wp\/v2\/types\/product"}],"replies":[{"embeddable":true,"href":"https:\/\/www.juhaszestarsa.hu\/index.php?rest_route=%2Fwp%2Fv2%2Fcomments&post=1474"}],"version-history":[{"count":1,"href":"https:\/\/www.juhaszestarsa.hu\/index.php?rest_route=\/wp\/v2\/product\/1474\/revisions"}],"predecessor-version":[{"id":1475,"href":"https:\/\/www.juhaszestarsa.hu\/index.php?rest_route=\/wp\/v2\/product\/1474\/revisions\/1475"}],"wp:featuredmedia":[{"embeddable":true,"href":"https:\/\/www.juhaszestarsa.hu\/index.php?rest_route=\/wp\/v2\/media\/1481"}],"wp:attachment":[{"href":"https:\/\/www.juhaszestarsa.hu\/index.php?rest_route=%2Fwp%2Fv2%2Fmedia&parent=1474"}],"wp:term":[{"taxonomy":"product_cat","embeddable":true,"href":"https:\/\/www.juhaszestarsa.hu\/index.php?rest_route=%2Fwp%2Fv2%2Fproduct_cat&post=1474"},{"taxonomy":"product_tag","embeddable":true,"href":"https:\/\/www.juhaszestarsa.hu\/index.php?rest_route=%2Fwp%2Fv2%2Fproduct_tag&post=1474"}],"curies":[{"name":"wp","href":"https:\/\/api.w.org\/{rel}","templated":true}]}}

Pálmacserép

<p>Fedezze fel a Pálmacserepeket, amely saját gyártású virágcserepünk. Tökéletes választás minden kertészeti projekt számára! Az elegáns pálma cserepek kiváló minőségű polipropilén anyagból készülnek, ami ellenáll az időjárási viszontagságoknak és garantálja a hosszú élettartamot. A pálmacserepek elérhetőek barna, fehér és terrakotta színekben, így könnyen illeszkednek bármely kert vagy belső tér stílusához.</p>
<ul>
<li>Saját gyártású termék</li>
<li>Anyag: Polipropilén</li>
</ul>

<p>Fedezze fel a Pálmacserepeket, amely saját gyártású virágcserepünk. Tökéletes választás minden kertészeti projekt számára! Az elegáns pálma cserepek kiváló minőségű polipropilén anyagból készülnek, ami ellenáll az időjárási viszontagságoknak és garantálja a hosszú élettartamot. A pálmacserepek elérhetőek barna, fehér és terrakotta színekben, így könnyen illeszkednek bármely kert vagy belső tér stílusához. Saját gyártású termék Anyag: Polipropilén</p>
