{"id":1548,"date":"2024-11-06T19:59:34","date_gmt":"2024-11-06T18:59:34","guid":{"rendered":"https:\/\/www.juhaszestarsa.hu\/?post_type=product&#038;p=1548"},"modified":"2025-04-30T09:43:22","modified_gmt":"2025-04-30T07:43:22","slug":"orchidea-natur-cserep","status":"publish","type":"product","link":"https:\/\/www.juhaszestarsa.hu\/?product=orchidea-natur-cserep","title":{"rendered":"Orchidea \u00c1tl\u00e1tsz\u00f3 Natur cser\u00e9p"},"content":{"rendered":"<p>Orchidea cserepek kiv\u00e1l\u00f3 min\u0151s\u00e9g\u0171 polipropil\u00e9n anyagb\u00f3l k\u00e9sz\u00fclnek. V\u00e1lassz kedvedre a t\u00f6bb m\u00e9ret k\u00f6z\u00fcl. Ide\u00e1lis kialak\u00edt\u00e1sunk lehet\u0151v\u00e9 teszi, hogy orchide\u00e1i legide\u00e1lisabb v\u00edzell\u00e1t\u00e1st \u00e9s f\u00e9nyt kapj\u00e1k.<\/p>\n<ul>\n<li>Saj\u00e1t gy\u00e1rt\u00e1s\u00fa term\u00e9k<\/li>\n<li>Anyag: Polipropil\u00e9n<\/li>\n<\/ul>\n","protected":false},"excerpt":{"rendered":"<p>Orchidea cserepek kiv\u00e1l\u00f3 min\u0151s\u00e9g\u0171 polipropil\u00e9n anyagb\u00f3l k\u00e9sz\u00fclnek. V\u00e1lassz kedvedre a t\u00f6bb m\u00e9ret k\u00f6z\u00fcl. Ide\u00e1lis kialak\u00edt\u00e1sunk lehet\u0151v\u00e9 teszi, hogy orchide\u00e1i legide\u00e1lisabb v\u00edzell\u00e1t\u00e1st \u00e9s f\u00e9nyt kapj\u00e1k. Saj\u00e1t gy\u00e1rt\u00e1s\u00fa term\u00e9k Anyag: Polipropil\u00e9n<\/p>\n","protected":false},"featured_media":1562,"comment_status":"closed","ping_status":"closed","template":"","meta":[],"product_cat":[27,28],"product_tag":[],"class_list":{"0":"post-1548","1":"product","2":"type-product","3":"status-publish","4":"has-post-thumbnail","6":"product_cat-termekek","7":"product_cat-orchidea-cserepek","9":"first","10":"instock","11":"shipping-taxable","12":"product-type-variable","13":"has-default-attributes"},"jetpack_sharing_enabled":true,"_links":{"self":[{"href":"https:\/\/www.juhaszestarsa.hu\/index.php?rest_route=\/wp\/v2\/product\/1548","targetHints":{"allow":["GET"]}}],"collection":[{"href":"https:\/\/www.juhaszestarsa.hu\/index.php?rest_route=\/wp\/v2\/product"}],"about":[{"href":"https:\/\/www.juhaszestarsa.hu\/index.php?rest_route=\/wp\/v2\/types\/product"}],"replies":[{"embeddable":true,"href":"https:\/\/www.juhaszestarsa.hu\/index.php?rest_route=%2Fwp%2Fv2%2Fcomments&post=1548"}],"version-history":[{"count":4,"href":"https:\/\/www.juhaszestarsa.hu\/index.php?rest_route=\/wp\/v2\/product\/1548\/revisions"}],"predecessor-version":[{"id":1551,"href":"https:\/\/www.juhaszestarsa.hu\/index.php?rest_route=\/wp\/v2\/product\/1548\/revisions\/1551"}],"wp:featuredmedia":[{"embeddable":true,"href":"https:\/\/www.juhaszestarsa.hu\/index.php?rest_route=\/wp\/v2\/media\/1562"}],"wp:attachment":[{"href":"https:\/\/www.juhaszestarsa.hu\/index.php?rest_route=%2Fwp%2Fv2%2Fmedia&parent=1548"}],"wp:term":[{"taxonomy":"product_cat","embeddable":true,"href":"https:\/\/www.juhaszestarsa.hu\/index.php?rest_route=%2Fwp%2Fv2%2Fproduct_cat&post=1548"},{"taxonomy":"product_tag","embeddable":true,"href":"https:\/\/www.juhaszestarsa.hu\/index.php?rest_route=%2Fwp%2Fv2%2Fproduct_tag&post=1548"}],"curies":[{"name":"wp","href":"https:\/\/api.w.org\/{rel}","templated":true}]}}